{"id":55,"date":"2015-12-27T00:21:56","date_gmt":"2015-12-26T23:21:56","guid":{"rendered":"http:\/\/ferienhaus-fuchsloch.eu\/?page_id=55"},"modified":"2025-01-20T08:03:48","modified_gmt":"2025-01-20T07:03:48","slug":"verfuegbarkeit","status":"publish","type":"page","link":"https:\/\/ferienhaus-fuchsloch.eu\/?page_id=55","title":{"rendered":"Verf\u00fcgbarkeit kleines Fuchsloch"},"content":{"rendered":"<h2>Belegungskalender f\u00fcr&nbsp; Kleines Fuchsloch I, ,II, III &amp; IV<\/h2>\n<p>Hier k\u00f6nnen Sie pr\u00fcfen zu welchen Zeiten unsere 3 kleinen Ferienwohnungen verf\u00fcgbar sind:<br \/>\n<strong>Kleines Fuchsloch I<\/strong><\/p>\n<p><!-- Anfang: Belegungskalender fungiwo.de --><iframe loading=\"lazy\" src=\"\/\/www.fungiwo.com\/extern\/belegungskalender-einzel.php?id=11121559&amp;sprache=deutsch\" name=\"fungiwo.de-Belegungskalender\" width=\"100%\" height=\"1000\" frameborder=\"0\" scrolling=\"no\"><\/iframe><span style=\"font-size: 12px;\"><a style=\"color: #000000; text-decoration: none;\" href=\"https:\/\/www.fungiwo.com\" target=\"_blank\" rel=\"noopener\">fungiwo.de<\/a> &#8211; Die Ferienobjekt Software.<\/span><!-- Ende: Belegungskalender von fungiwo.de --><\/p>\n<p><strong>Kleines Fuchsloch II<\/strong><\/p>\n<p><!-- Anfang: Belegungskalender fungiwo.de --><iframe loading=\"lazy\" src=\"\/\/www.fungiwo.com\/extern\/belegungskalender-einzel.php?id=11125728&amp;sprache=deutsch\" name=\"fungiwo.de-Belegungskalender\" width=\"100%\" height=\"1000\" frameborder=\"0\" scrolling=\"no\"><\/iframe><span style=\"font-size: 12px;\"><a style=\"color: #000000; text-decoration: none;\" href=\"https:\/\/www.fungiwo.com\" target=\"_blank\" rel=\"noopener\">fungiwo.de<\/a> &#8211; Die Ferienobjekt Software.<\/span><!-- Ende: Belegungskalender von fungiwo.de --><\/p>\n<p><strong>Kleines Fuchsloch III<\/strong><\/p>\n<p><!-- Anfang: Belegungskalender fungiwo.de --><iframe loading=\"lazy\" src=\"\/\/www.fungiwo.com\/extern\/belegungskalender-einzel.php?id=11122336&amp;sprache=deutsch\" name=\"fungiwo.de-Belegungskalender\" width=\"100%\" height=\"1000\" frameborder=\"0\" scrolling=\"no\"><\/iframe><span style=\"font-size: 12px;\"><a style=\"color: #000000; text-decoration: none;\" href=\"https:\/\/www.fungiwo.com\" target=\"_blank\" rel=\"noopener\">fungiwo.de<\/a> &#8211; Die Ferienobjekt Software.<\/span><!-- Ende: Belegungskalender von fungiwo.de --><\/p>\n<p><strong>Kleines Fuchsloch IV<\/strong><\/p>\n<p><!-- Anfang: Belegungskalender fungiwo.de --><iframe loading=\"lazy\" src=\"\/\/www.fungiwo.com\/extern\/belegungskalender-einzel.php?id=11123721&amp;sprache=deutsch\" name=\"fungiwo.de-Belegungskalender\" width=\"100%\" height=\"1000\" frameborder=\"0\" scrolling=\"no\"><\/iframe><span style=\"font-size: 12px;\"><a style=\"color: #000000; text-decoration: none;\" href=\"https:\/\/www.fungiwo.com\" target=\"_blank\" rel=\"noopener\">fungiwo.de<\/a> &#8211; Die Ferienobjekt Software.<\/span><!-- Ende: Belegungskalender von fungiwo.de --><\/p>\n","protected":false},"excerpt":{"rendered":"<p>Belegungskalender f\u00fcr&nbsp; Kleines Fuchsloch I, ,II, III &amp; IV Hier k\u00f6nnen Sie pr\u00fcfen zu welchen Zeiten unsere 3 kleinen Ferienwohnungen verf\u00fcgbar sind: Kleines Fuchsloch I fungiwo.de &#8211; Die Ferienobjekt Software. Kleines Fuchsloch II fungiwo.de &#8211; Die Ferienobjekt Software. Kleines Fuchsloch III fungiwo.de &#8211; Die Ferienobjekt Software. Kleines Fuchsloch IV fungiwo.de &#8211; Die Ferienobjekt Software.<\/p>\n","protected":false},"author":1,"featured_media":0,"parent":17,"menu_order":0,"comment_status":"closed","ping_status":"closed","template":"","meta":[],"_links":{"self":[{"href":"https:\/\/ferienhaus-fuchsloch.eu\/index.php?rest_route=\/wp\/v2\/pages\/55"}],"collection":[{"href":"https:\/\/ferienhaus-fuchsloch.eu\/index.php?rest_route=\/wp\/v2\/pages"}],"about":[{"href":"https:\/\/ferienhaus-fuchsloch.eu\/index.php?rest_route=\/wp\/v2\/types\/page"}],"author":[{"embeddable":true,"href":"https:\/\/ferienhaus-fuchsloch.eu\/index.php?rest_route=\/wp\/v2\/users\/1"}],"replies":[{"embeddable":true,"href":"https:\/\/ferienhaus-fuchsloch.eu\/index.php?rest_route=%2Fwp%2Fv2%2Fcomments&post=55"}],"version-history":[{"count":26,"href":"https:\/\/ferienhaus-fuchsloch.eu\/index.php?rest_route=\/wp\/v2\/pages\/55\/revisions"}],"predecessor-version":[{"id":913,"href":"https:\/\/ferienhaus-fuchsloch.eu\/index.php?rest_route=\/wp\/v2\/pages\/55\/revisions\/913"}],"up":[{"embeddable":true,"href":"https:\/\/ferienhaus-fuchsloch.eu\/index.php?rest_route=\/wp\/v2\/pages\/17"}],"wp:attachment":[{"href":"https:\/\/ferienhaus-fuchsloch.eu\/index.php?rest_route=%2Fwp%2Fv2%2Fmedia&parent=55"}],"curies":[{"name":"wp","href":"https:\/\/api.w.org\/{rel}","templated":true}]}}